{"id":198,"date":"2018-09-25T19:06:07","date_gmt":"2018-09-25T19:06:07","guid":{"rendered":"http:\/\/2018.burbankwerner.de\/?page_id=198"},"modified":"2020-12-27T21:42:49","modified_gmt":"2020-12-27T21:42:49","slug":"musterseite-6","status":"publish","type":"page","link":"http:\/\/2018.burbankwerner.de\/?page_id=198","title":{"rendered":"25. September &#8211; Flug nach Bahir Dar"},"content":{"rendered":"<p><a href=\"http:\/\/burbankwerner.de\/?page_id=593\"><img loading=\"lazy\" decoding=\"async\" class=\"alignright size-full wp-image-35\" src=\"http:\/\/2018.burbankwerner.de\/wp-content\/uploads\/2018\/09\/HAR-BIR.jpg\" alt=\"\" width=\"1536\" height=\"768\" srcset=\"http:\/\/2018.burbankwerner.de\/wp-content\/uploads\/2018\/09\/HAR-BIR.jpg 1536w, http:\/\/2018.burbankwerner.de\/wp-content\/uploads\/2018\/09\/HAR-BIR-300x150.jpg 300w, http:\/\/2018.burbankwerner.de\/wp-content\/uploads\/2018\/09\/HAR-BIR-768x384.jpg 768w, http:\/\/2018.burbankwerner.de\/wp-content\/uploads\/2018\/09\/HAR-BIR-1024x512.jpg 1024w\" sizes=\"(max-width: 1536px) 100vw, 1536px\" \/><\/a><a href=\"http:\/\/2018.burbankwerner.de\/?page_id=204\"><img loading=\"lazy\" decoding=\"async\" class=\"alignright wp-image-95\" src=\"http:\/\/burbankwerner.de\/wp-content\/uploads\/2017\/09\/Union-Jack-300x150.png\" alt=\"\" width=\"167\" height=\"84\"><\/a>Heute morgen sind wir in Harar gestartet und mit dem Wagen nach Dire Dawa zur\u00fcck gefahren &#8211; die gleiche Strecke wie auf dem Hinweg, vorbei an dem merkw\u00fcrdigen Laster, an Chat (Khat) Feldern entlang, die Steigungsstrecke wieder hinunter. In Dire Dawa haben wir noch ein Foto des alten Bahnhofs gemacht &#8211; und dann ging es mit dem Flieger erst nach Addis und von dort nach Bahir Dar am Lake Tana.<\/p>\n<p>Da ist die Fotoausbeute heute sehr gering.<\/p>\n<p>In Bahir Dar verhandeln wir mit zwei Tour Anbietern, bei denen wir zum einen morgen eine Tagestour buchen wollen &#8211; morgens zum Wasserfall des blauen Nil, am Nachmittag zu zwei Kl\u00f6stern, die mit einer Bootstour erreicht werden. Zum anderen wollen wir die n\u00e4chsten Tage planen.<\/p>\n<p>Schlie\u00dflich soll es morgen Abend den ersten Teil der Meskal-Feier (Keuz Jesu-Feier) geben, bei der mit einer koptischen Messe auf dem gro\u00dfen Platz der Wiederauffindung des Kreuzes Jesu gedacht wird. Die Zeremonien dazu haben wir ja schon in Addis beobachten k\u00f6nnen. Morgen wollen wir sie live sehen &#8211; und auch das angek\u00fcndigte Feuerwerk.<\/p>\n<p>Soweit f\u00fcr heute.<\/p>\n<p>Wir haben au\u00dferdem auf allseitiges Anraten hin die Organisation des Blogs so ge\u00e4ndert, dass man beim Aufruf der Seite den aktuellen Blog liest. Wer was verpasst hat, muss also den zur\u00fcck-Button nutzen, oder das Menu auf der linken Seite&#8230;<\/p>\n<p><a href=\"http:\/\/2018.burbankwerner.de\/?page_id=213\"><img loading=\"lazy\" decoding=\"async\" class=\"alignright wp-image-835\" src=\"http:\/\/burbankwerner.de\/wp-content\/uploads\/2017\/11\/weiter-300x122.jpg\" alt=\"\" width=\"170\" height=\"69\"><\/a><a href=\"http:\/\/2018.burbankwerner.de\/?page_id=185\"><img loading=\"lazy\" decoding=\"async\" class=\"alignleft wp-image-834\" src=\"http:\/\/burbankwerner.de\/wp-content\/uploads\/2017\/11\/zur\u00fcck-300x121.jpg\" alt=\"\" width=\"170\" height=\"69\"><\/a><\/p>\n<p>&nbsp;<\/p>\n<p>&nbsp;<\/p>\n","protected":false},"excerpt":{"rendered":"<p>Heute morgen sind wir in Harar gestartet und mit dem Wagen nach Dire Dawa zur\u00fcck gefahren &#8211; die gleiche Strecke wie auf dem Hinweg, vorbei an dem merkw\u00fcrdigen Laster, an Chat (Khat) Feldern entlang, die Steigungsstrecke wieder hinunter. In Dire Dawa haben wir noch ein Foto des alten Bahnhofs gemacht &#8211; und dann ging es &hellip; <a href=\"http:\/\/2018.burbankwerner.de\/?page_id=198\" class=\"more-link\"><span class=\"screen-reader-text\">25. September &#8211; Flug nach Bahir Dar<\/span> weiterlesen<\/a><\/p>\n","protected":false},"author":1,"featured_media":0,"parent":0,"menu_order":0,"comment_status":"closed","ping_status":"closed","template":"","meta":{"footnotes":""},"_links":{"self":[{"href":"http:\/\/2018.burbankwerner.de\/index.php?rest_route=\/wp\/v2\/pages\/198"}],"collection":[{"href":"http:\/\/2018.burbankwerner.de\/index.php?rest_route=\/wp\/v2\/pages"}],"about":[{"href":"http:\/\/2018.burbankwerner.de\/index.php?rest_route=\/wp\/v2\/types\/page"}],"author":[{"embeddable":true,"href":"http:\/\/2018.burbankwerner.de\/index.php?rest_route=\/wp\/v2\/users\/1"}],"replies":[{"embeddable":true,"href":"http:\/\/2018.burbankwerner.de\/index.php?rest_route=%2Fwp%2Fv2%2Fcomments&post=198"}],"version-history":[{"count":7,"href":"http:\/\/2018.burbankwerner.de\/index.php?rest_route=\/wp\/v2\/pages\/198\/revisions"}],"predecessor-version":[{"id":712,"href":"http:\/\/2018.burbankwerner.de\/index.php?rest_route=\/wp\/v2\/pages\/198\/revisions\/712"}],"wp:attachment":[{"href":"http:\/\/2018.burbankwerner.de\/index.php?rest_route=%2Fwp%2Fv2%2Fmedia&parent=198"}],"curies":[{"name":"wp","href":"https:\/\/api.w.org\/{rel}","templated":true}]}}